{"id":1202,"date":"2022-02-14T13:12:24","date_gmt":"2022-02-14T13:12:24","guid":{"rendered":"https:\/\/profchantage.ch\/?page_id=1202"},"modified":"2022-02-14T16:43:46","modified_gmt":"2022-02-14T16:43:46","slug":"formule-trio-2022-chantage-et-voisinage","status":"publish","type":"page","link":"https:\/\/profchantage.ch\/?page_id=1202","title":{"rendered":"Formule TRIO: &#8220;Prof Chantage et voisinage&#8221;"},"content":{"rendered":"\n<figure class=\"wp-block-embed is-type-video is-provider-vimeo wp-block-embed-vimeo wp-embed-aspect-16-9 wp-has-aspect-ratio\"><div class=\"wp-block-embed__wrapper\">\n<iframe loading=\"lazy\" title=\"Bient&amp;ocirc;t chez vous?\" src=\"https:\/\/player.vimeo.com\/video\/666287979?h=06b9ab04fa&amp;dnt=1&amp;app_id=122963\" width=\"525\" height=\"295\" frameborder=\"0\" allow=\"autoplay; fullscreen; picture-in-picture\" allowfullscreen><\/iframe>\n<\/div><\/figure>\n\n\n\n<p> Contactez-nous ! <\/p>\n\n\n\n<p>Formule adaptable : espace de jeu + temps du set modulable &#8230; mais enthousiame communicatif non-n\u00e9gociable!!<\/p>\n\n\n\n<p><strong>contact@profchantage.ch<\/strong> <\/p>\n\n\n\n<figure class=\"wp-block-image size-full\"><img loading=\"lazy\" width=\"157\" height=\"37\" src=\"https:\/\/profchantage.ch\/wp-content\/uploads\/2022\/02\/numtelDoud.png\" alt=\"\" class=\"wp-image-1214\"\/><\/figure>\n\n\n\n<p>\u00a9 Andr\u00e9 Tissot, Ukul\u00e9l\u00e9-voix &#8211; J\u00e9r\u00f4me Correa,Sax baryton &#8211; Jo\u00ebl Rilliot \/ Guital\u00e9l\u00e9 &#8211; Cajon<\/p>\n\n\n\n<p><\/p>\n","protected":false},"excerpt":{"rendered":"<p>Contactez-nous ! Formule adaptable : espace de jeu + temps du set modulable &#8230; mais enthousiame communicatif non-n\u00e9gociable!! contact@profchantage.ch \u00a9 Andr\u00e9 Tissot, Ukul\u00e9l\u00e9-voix &#8211; J\u00e9r\u00f4me Correa,Sax baryton &#8211; Jo\u00ebl Rilliot \/ Guital\u00e9l\u00e9 &#8211; Cajon<\/p>\n","protected":false},"author":1,"featured_media":0,"parent":0,"menu_order":0,"comment_status":"closed","ping_status":"closed","template":"","meta":[],"yoast_head":"<!-- This site is optimized with the Yoast SEO plugin v16.1.1 - https:\/\/yoast.com\/wordpress\/plugins\/seo\/ -->\n<title>Formule TRIO: &quot;Prof Chantage et voisinage&quot; - Professeur Chantage<\/title>\n<link rel=\"canonical\" href=\"https:\/\/profchantage.ch\/?page_id=1202\" \/>\n<meta property=\"og:locale\" content=\"fr_FR\" \/>\n<meta property=\"og:type\" content=\"article\" \/>\n<meta property=\"og:title\" content=\"Formule TRIO: &quot;Prof Chantage et voisinage&quot; - Professeur Chantage\" \/>\n<meta property=\"og:description\" content=\"Contactez-nous ! Formule adaptable : espace de jeu + temps du set modulable &#8230; mais enthousiame communicatif non-n\u00e9gociable!! contact@profchantage.ch \u00a9 Andr\u00e9 Tissot, Ukul\u00e9l\u00e9-voix &#8211; J\u00e9r\u00f4me Correa,Sax baryton &#8211; Jo\u00ebl Rilliot \/ Guital\u00e9l\u00e9 &#8211; Cajon\" \/>\n<meta property=\"og:url\" content=\"https:\/\/profchantage.ch\/?page_id=1202\" \/>\n<meta property=\"og:site_name\" content=\"Professeur Chantage\" \/>\n<meta property=\"article:modified_time\" content=\"2022-02-14T16:43:46+00:00\" \/>\n<meta property=\"og:image\" content=\"https:\/\/profchantage.ch\/wp-content\/uploads\/2022\/02\/numtelDoud.png\" \/>\n<meta name=\"twitter:card\" content=\"summary_large_image\" \/>\n<meta name=\"twitter:label1\" content=\"Dur\u00e9e de lecture est.\">\n\t<meta name=\"twitter:data1\" content=\"1 minute\">\n<script type=\"application\/ld+json\" class=\"yoast-schema-graph\">{\"@context\":\"https:\/\/schema.org\",\"@graph\":[{\"@type\":\"WebSite\",\"@id\":\"https:\/\/profchantage.ch\/#website\",\"url\":\"https:\/\/profchantage.ch\/\",\"name\":\"Professeur Chantage\",\"description\":\"Chanson n\\u00e9o-corrosive enflammante -Ukul\\u00e9l\\u00e9s\",\"potentialAction\":[{\"@type\":\"SearchAction\",\"target\":\"https:\/\/profchantage.ch\/?s={search_term_string}\",\"query-input\":\"required name=search_term_string\"}],\"inLanguage\":\"fr-FR\"},{\"@type\":\"ImageObject\",\"@id\":\"https:\/\/profchantage.ch\/?page_id=1202#primaryimage\",\"inLanguage\":\"fr-FR\",\"url\":\"https:\/\/profchantage.ch\/wp-content\/uploads\/2022\/02\/numtelDoud.png\",\"contentUrl\":\"https:\/\/profchantage.ch\/wp-content\/uploads\/2022\/02\/numtelDoud.png\",\"width\":157,\"height\":37},{\"@type\":\"WebPage\",\"@id\":\"https:\/\/profchantage.ch\/?page_id=1202#webpage\",\"url\":\"https:\/\/profchantage.ch\/?page_id=1202\",\"name\":\"Formule TRIO: \\\"Prof Chantage et voisinage\\\" - Professeur Chantage\",\"isPartOf\":{\"@id\":\"https:\/\/profchantage.ch\/#website\"},\"primaryImageOfPage\":{\"@id\":\"https:\/\/profchantage.ch\/?page_id=1202#primaryimage\"},\"datePublished\":\"2022-02-14T13:12:24+00:00\",\"dateModified\":\"2022-02-14T16:43:46+00:00\",\"breadcrumb\":{\"@id\":\"https:\/\/profchantage.ch\/?page_id=1202#breadcrumb\"},\"inLanguage\":\"fr-FR\",\"potentialAction\":[{\"@type\":\"ReadAction\",\"target\":[\"https:\/\/profchantage.ch\/?page_id=1202\"]}]},{\"@type\":\"BreadcrumbList\",\"@id\":\"https:\/\/profchantage.ch\/?page_id=1202#breadcrumb\",\"itemListElement\":[{\"@type\":\"ListItem\",\"position\":1,\"item\":{\"@type\":\"WebPage\",\"@id\":\"https:\/\/profchantage.ch\/\",\"url\":\"https:\/\/profchantage.ch\/\",\"name\":\"Accueil\"}},{\"@type\":\"ListItem\",\"position\":2,\"item\":{\"@type\":\"WebPage\",\"@id\":\"https:\/\/profchantage.ch\/?page_id=1202\",\"url\":\"https:\/\/profchantage.ch\/?page_id=1202\",\"name\":\"Formule TRIO: &#8220;Prof Chantage et voisinage&#8221;\"}}]}]}<\/script>\n<!-- \/ Yoast SEO plugin. -->","_links":{"self":[{"href":"https:\/\/profchantage.ch\/index.php?rest_route=\/wp\/v2\/pages\/1202"}],"collection":[{"href":"https:\/\/profchantage.ch\/index.php?rest_route=\/wp\/v2\/pages"}],"about":[{"href":"https:\/\/profchantage.ch\/index.php?rest_route=\/wp\/v2\/types\/page"}],"author":[{"embeddable":true,"href":"https:\/\/profchantage.ch\/index.php?rest_route=\/wp\/v2\/users\/1"}],"replies":[{"embeddable":true,"href":"https:\/\/profchantage.ch\/index.php?rest_route=%2Fwp%2Fv2%2Fcomments&post=1202"}],"version-history":[{"count":13,"href":"https:\/\/profchantage.ch\/index.php?rest_route=\/wp\/v2\/pages\/1202\/revisions"}],"predecessor-version":[{"id":1227,"href":"https:\/\/profchantage.ch\/index.php?rest_route=\/wp\/v2\/pages\/1202\/revisions\/1227"}],"wp:attachment":[{"href":"https:\/\/profchantage.ch\/index.php?rest_route=%2Fwp%2Fv2%2Fmedia&parent=1202"}],"curies":[{"name":"wp","href":"https:\/\/api.w.org\/{rel}","templated":true}]}}